{"id":7,"date":"2018-12-26T16:20:47","date_gmt":"2018-12-26T15:20:47","guid":{"rendered":"http:\/\/dessoinsetdesarts.com\/?page_id=7"},"modified":"2025-04-16T08:35:28","modified_gmt":"2025-04-16T06:35:28","slug":"accueil","status":"publish","type":"page","link":"https:\/\/dessoinsetdesarts.com\/","title":{"rendered":"Des Soins &#038; des Arts"},"content":{"rendered":"<p>Je suis Vanessa Moubarak, <strong>musicienne, praticienne en soins holistiques chamaniques (shiatsu, ost\u00e9opathie, radiesth\u00e9sie&#8230;), professeur de yoga (yin &amp; yang)\/do-in (auto-shiatsu) &amp; respiration\/breathwork.<\/strong><\/p>\n<p>La musique m\u2019accompagne depuis ma plus tendre enfance et elle fut \u00e0 la fois mon premier enseignant et mon premier th\u00e9rapeute. C\u2019est \u00e0 travers elle que j\u2019explore chaque jour le corps et m\u2019interroge constamment sur ses myst\u00e8res ; c\u2019est aussi gr\u00e2ce \u00e0 elle que j\u2019ai pu rencontrer des praticiens et professeurs de tous horizons et commencer alors \u00e0 me former moi-m\u00eame afin d\u2019accompagner celles et ceux qui le souhaitent sur leur chemin de sant\u00e9 et de bien-\u00eatre.<\/p>\n<p>La M\u00e9decine Traditionnelle Chinoise via le Shiatsu m\u2019a permis de d\u00e9couvrir que la transmission est essentielle lors de chaque soin et c\u2019est pourquoi, j\u2019ai d\u00e9sir\u00e9 cr\u00e9er, en parall\u00e8le de ma pratique th\u00e9rapeutique, un cours m\u00ealant le Yin Yoga et le Do-In afin d\u2019ouvrir un espace d\u2019exploration sensorielle, de partage et de recherche d\u2019autonomie individuelle soutenu par l\u2019\u00e9nergie du groupe.<\/p>\n<p>Quelques ann\u00e9es plus tard,\u00a0 je m&rsquo;initie au chamanisme \u00e0 l&rsquo;initiative de deux chamanes que j&rsquo;ai eu la joie de rencontrer sur mon chemin en 2016 puis en 2022 et prends conscience que la musique, l&rsquo;enseignement du yoga comme toutes les pratiques th\u00e9rapeutiques auxquelles je me suis form\u00e9e (shiatsu, ost\u00e9opathie, radiesth\u00e9sie&#8230;) font partie int\u00e9grante de l&rsquo;\u00e9volution du chamanisme et constitue entre autres des outils pr\u00e9cieux \u00e0 cette pratique.<\/p>\n<p><strong>Ma devise<\/strong>\u00a0est qu\u2019entre Ciel &amp; Terre, nous sommes un instrument de musique dont chaque partie du corps r\u00e9sonne d\u2019une vibration sp\u00e9cifique. On tend souvent \u00e0 se d\u00e9saccorder soi-m\u00eame, c\u2019est pourquoi prendre soin de soi au quotidien, quel que soit l\u2019outil, permet de retrouver l\u2019harmonie, vibrer \u00e0 l\u2019unisson avec soi et les autres instruments et participer ainsi \u00e0 cette belle symphonie universelle qu\u2019est la Vie.<\/p>\n<p>Au plaisir de vous y accueillir <span class=\"_5mfr\"><span class=\"_6qdm\">\ud83c\udf40<\/span><\/span><\/p>\n<p>I am Vanessa Moubarak, <strong>a musician and practitioner of holistic shamanic healing (shiatsu, osteopathy, radiesthesia&#8230;), a yoga (yin &amp; yang) and Do-In (self-shiatsu) teacher, as well as a breathwork practitioner.<\/strong><\/p>\n<p>Music has been with me since my early childhood and was both my first teacher and my first therapist. It is through music that I explore the body every day and constantly question its mysteries. It is also thanks to music that I have been able to meet practitioners and teachers from all backgrounds and begin to train myself to accompany those who wish on their path to health and well-being.<\/p>\n<p>Traditional Chinese Medicine (TCM), through Shiatsu, allowed me to discover that transmission is essential in every healing session, which is why I wanted to create, alongside my therapeutic practice, a course combining Yin Yoga and Do-In, to open a space for sensory exploration, sharing, and the search for individual autonomy supported by the energy of the group.<\/p>\n<p>A few years later, I began my initiation into shamanism through the guidance of two shamans whom I had the joy of meeting on my path in 2016 in Paris and then again in 2022 in Switzerland. I became aware that music, yoga teachings, and all the therapeutic practices I have trained in (shiatsu, osteopathy, radiesthesia&#8230;) are an integral part of the evolution of shamanism and are, among other things, valuable tools for this practice.<\/p>\n<p><strong>My motto<\/strong> is that between Heaven and Earth, we are musical instruments, with each part of the body resonating with a specific vibration. We often tend to fall out of tune with ourselves, which is why taking care of oneself daily, no matter the tool, helps restore harmony, vibrate in unison with ourselves and other instruments, and thus participate in this beautiful universal symphony called Life.<\/p>\n<p>I look forward to welcoming you \ud83c\udf40<\/p>\n","protected":false},"excerpt":{"rendered":"<p>Je suis Vanessa Moubarak, musicienne, praticienne en soins holistiques chamaniques (shiatsu, ost\u00e9opathie, radiesth\u00e9sie&#8230;), professeur de yoga (yin &amp; yang)\/do-in (auto-shiatsu) &amp; respiration\/breathwork. La musique m\u2019accompagne depuis ma plus tendre enfance et elle fut \u00e0 la fois mon premier enseignant et mon premier th\u00e9rapeute. C\u2019est \u00e0 travers elle que j\u2019explore chaque jour le corps et m\u2019interroge &hellip; <\/p>\n<p class=\"link-more\"><a href=\"https:\/\/dessoinsetdesarts.com\/\" class=\"more-link\">Continuer la lecture<span class=\"screen-reader-text\"> de &laquo;&nbsp;Des Soins &#038; des Arts&nbsp;&raquo;<\/span><\/a><\/p>\n","protected":false},"author":1,"featured_media":0,"parent":0,"menu_order":0,"comment_status":"closed","ping_status":"closed","template":"","meta":{"footnotes":""},"class_list":["post-7","page","type-page","status-publish","hentry"],"yoast_head":"<!-- This site is optimized with the Yoast SEO plugin v24.9 - https:\/\/yoast.com\/wordpress\/plugins\/seo\/ -->\n<title>Des Soins &amp; des Arts - Des Soins &amp; Des Arts<\/title>\n<meta name=\"robots\" content=\"index, follow, max-snippet:-1, max-image-preview:large, max-video-preview:-1\" \/>\n<link rel=\"canonical\" href=\"https:\/\/dessoinsetdesarts.com\/\" \/>\n<meta property=\"og:locale\" content=\"fr_FR\" \/>\n<meta property=\"og:type\" content=\"article\" \/>\n<meta property=\"og:title\" content=\"Des Soins &amp; des Arts - Des Soins &amp; Des Arts\" \/>\n<meta property=\"og:description\" content=\"Je suis Vanessa Moubarak, musicienne, praticienne en soins holistiques chamaniques (shiatsu, ost\u00e9opathie, radiesth\u00e9sie&#8230;), professeur de yoga (yin &amp; yang)\/do-in (auto-shiatsu) &amp; respiration\/breathwork. La musique m\u2019accompagne depuis ma plus tendre enfance et elle fut \u00e0 la fois mon premier enseignant et mon premier th\u00e9rapeute. C\u2019est \u00e0 travers elle que j\u2019explore chaque jour le corps et m\u2019interroge &hellip; Continuer la lecture de &laquo;&nbsp;Des Soins &#038; des Arts&nbsp;&raquo;\" \/>\n<meta property=\"og:url\" content=\"https:\/\/dessoinsetdesarts.com\/\" \/>\n<meta property=\"og:site_name\" content=\"Des Soins &amp; Des Arts\" \/>\n<meta property=\"article:modified_time\" content=\"2025-04-16T06:35:28+00:00\" \/>\n<meta name=\"twitter:card\" content=\"summary_large_image\" \/>\n<meta name=\"twitter:label1\" content=\"Dur\u00e9e de lecture estim\u00e9e\" \/>\n\t<meta name=\"twitter:data1\" content=\"4 minutes\" \/>\n<script type=\"application\/ld+json\" class=\"yoast-schema-graph\">{\"@context\":\"https:\/\/schema.org\",\"@graph\":[{\"@type\":\"WebPage\",\"@id\":\"https:\/\/dessoinsetdesarts.com\/\",\"url\":\"https:\/\/dessoinsetdesarts.com\/\",\"name\":\"Des Soins & des Arts - Des Soins &amp; Des Arts\",\"isPartOf\":{\"@id\":\"https:\/\/dessoinsetdesarts.com\/#website\"},\"datePublished\":\"2018-12-26T15:20:47+00:00\",\"dateModified\":\"2025-04-16T06:35:28+00:00\",\"breadcrumb\":{\"@id\":\"https:\/\/dessoinsetdesarts.com\/#breadcrumb\"},\"inLanguage\":\"fr-FR\",\"potentialAction\":[{\"@type\":\"ReadAction\",\"target\":[\"https:\/\/dessoinsetdesarts.com\/\"]}]},{\"@type\":\"BreadcrumbList\",\"@id\":\"https:\/\/dessoinsetdesarts.com\/#breadcrumb\",\"itemListElement\":[{\"@type\":\"ListItem\",\"position\":1,\"name\":\"Home\",\"item\":\"https:\/\/dessoinsetdesarts.com\/\"},{\"@type\":\"ListItem\",\"position\":2,\"name\":\"Des Soins &#038; des Arts\"}]},{\"@type\":\"WebSite\",\"@id\":\"https:\/\/dessoinsetdesarts.com\/#website\",\"url\":\"https:\/\/dessoinsetdesarts.com\/\",\"name\":\"Des Soins &amp; Des Arts\",\"description\":\"VANESSA MOUBARAK \",\"potentialAction\":[{\"@type\":\"SearchAction\",\"target\":{\"@type\":\"EntryPoint\",\"urlTemplate\":\"https:\/\/dessoinsetdesarts.com\/?s={search_term_string}\"},\"query-input\":{\"@type\":\"PropertyValueSpecification\",\"valueRequired\":true,\"valueName\":\"search_term_string\"}}],\"inLanguage\":\"fr-FR\"}]}<\/script>\n<!-- \/ Yoast SEO plugin. -->","yoast_head_json":{"title":"Des Soins & des Arts - Des Soins &amp; Des Arts","robots":{"index":"index","follow":"follow","max-snippet":"max-snippet:-1","max-image-preview":"max-image-preview:large","max-video-preview":"max-video-preview:-1"},"canonical":"https:\/\/dessoinsetdesarts.com\/","og_locale":"fr_FR","og_type":"article","og_title":"Des Soins & des Arts - Des Soins &amp; Des Arts","og_description":"Je suis Vanessa Moubarak, musicienne, praticienne en soins holistiques chamaniques (shiatsu, ost\u00e9opathie, radiesth\u00e9sie&#8230;), professeur de yoga (yin &amp; yang)\/do-in (auto-shiatsu) &amp; respiration\/breathwork. La musique m\u2019accompagne depuis ma plus tendre enfance et elle fut \u00e0 la fois mon premier enseignant et mon premier th\u00e9rapeute. C\u2019est \u00e0 travers elle que j\u2019explore chaque jour le corps et m\u2019interroge &hellip; Continuer la lecture de &laquo;&nbsp;Des Soins &#038; des Arts&nbsp;&raquo;","og_url":"https:\/\/dessoinsetdesarts.com\/","og_site_name":"Des Soins &amp; Des Arts","article_modified_time":"2025-04-16T06:35:28+00:00","twitter_card":"summary_large_image","twitter_misc":{"Dur\u00e9e de lecture estim\u00e9e":"4 minutes"},"schema":{"@context":"https:\/\/schema.org","@graph":[{"@type":"WebPage","@id":"https:\/\/dessoinsetdesarts.com\/","url":"https:\/\/dessoinsetdesarts.com\/","name":"Des Soins & des Arts - Des Soins &amp; Des Arts","isPartOf":{"@id":"https:\/\/dessoinsetdesarts.com\/#website"},"datePublished":"2018-12-26T15:20:47+00:00","dateModified":"2025-04-16T06:35:28+00:00","breadcrumb":{"@id":"https:\/\/dessoinsetdesarts.com\/#breadcrumb"},"inLanguage":"fr-FR","potentialAction":[{"@type":"ReadAction","target":["https:\/\/dessoinsetdesarts.com\/"]}]},{"@type":"BreadcrumbList","@id":"https:\/\/dessoinsetdesarts.com\/#breadcrumb","itemListElement":[{"@type":"ListItem","position":1,"name":"Home","item":"https:\/\/dessoinsetdesarts.com\/"},{"@type":"ListItem","position":2,"name":"Des Soins &#038; des Arts"}]},{"@type":"WebSite","@id":"https:\/\/dessoinsetdesarts.com\/#website","url":"https:\/\/dessoinsetdesarts.com\/","name":"Des Soins &amp; Des Arts","description":"VANESSA MOUBARAK ","potentialAction":[{"@type":"SearchAction","target":{"@type":"EntryPoint","urlTemplate":"https:\/\/dessoinsetdesarts.com\/?s={search_term_string}"},"query-input":{"@type":"PropertyValueSpecification","valueRequired":true,"valueName":"search_term_string"}}],"inLanguage":"fr-FR"}]}},"_links":{"self":[{"href":"https:\/\/dessoinsetdesarts.com\/index.php\/wp-json\/wp\/v2\/pages\/7","targetHints":{"allow":["GET"]}}],"collection":[{"href":"https:\/\/dessoinsetdesarts.com\/index.php\/wp-json\/wp\/v2\/pages"}],"about":[{"href":"https:\/\/dessoinsetdesarts.com\/index.php\/wp-json\/wp\/v2\/types\/page"}],"author":[{"embeddable":true,"href":"https:\/\/dessoinsetdesarts.com\/index.php\/wp-json\/wp\/v2\/users\/1"}],"replies":[{"embeddable":true,"href":"https:\/\/dessoinsetdesarts.com\/index.php\/wp-json\/wp\/v2\/comments?post=7"}],"version-history":[{"count":21,"href":"https:\/\/dessoinsetdesarts.com\/index.php\/wp-json\/wp\/v2\/pages\/7\/revisions"}],"predecessor-version":[{"id":585,"href":"https:\/\/dessoinsetdesarts.com\/index.php\/wp-json\/wp\/v2\/pages\/7\/revisions\/585"}],"wp:attachment":[{"href":"https:\/\/dessoinsetdesarts.com\/index.php\/wp-json\/wp\/v2\/media?parent=7"}],"curies":[{"name":"wp","href":"https:\/\/api.w.org\/{rel}","templated":true}]}}